{"id":553,"date":"2024-11-27T18:25:33","date_gmt":"2024-11-27T17:25:33","guid":{"rendered":"https:\/\/benjaminwinter.fr\/?page_id=553"},"modified":"2024-11-27T20:40:20","modified_gmt":"2024-11-27T19:40:20","slug":"a-propos-de-moi","status":"publish","type":"page","link":"https:\/\/benjaminwinter.fr\/index.php\/a-propos-de-moi\/","title":{"rendered":"\u00c0 propos de moi"},"content":{"rendered":"<div class=\"wp-block-image\">\n<figure class=\"alignleft size-large is-resized\"><img loading=\"lazy\" decoding=\"async\" width=\"687\" height=\"1024\" src=\"https:\/\/benjaminwinter.fr\/wp-content\/uploads\/2024\/11\/portrait-nb-encadre-687x1024.jpg\" alt=\"\" class=\"wp-image-581\" style=\"width:268px;height:auto\" srcset=\"https:\/\/benjaminwinter.fr\/wp-content\/uploads\/2024\/11\/portrait-nb-encadre-687x1024.jpg 687w, https:\/\/benjaminwinter.fr\/wp-content\/uploads\/2024\/11\/portrait-nb-encadre-201x300.jpg 201w, https:\/\/benjaminwinter.fr\/wp-content\/uploads\/2024\/11\/portrait-nb-encadre-768x1145.jpg 768w, https:\/\/benjaminwinter.fr\/wp-content\/uploads\/2024\/11\/portrait-nb-encadre-1030x1536.jpg 1030w, https:\/\/benjaminwinter.fr\/wp-content\/uploads\/2024\/11\/portrait-nb-encadre-1140x1700.jpg 1140w, https:\/\/benjaminwinter.fr\/wp-content\/uploads\/2024\/11\/portrait-nb-encadre-920x1372.jpg 920w, https:\/\/benjaminwinter.fr\/wp-content\/uploads\/2024\/11\/portrait-nb-encadre-575x858.jpg 575w, https:\/\/benjaminwinter.fr\/wp-content\/uploads\/2024\/11\/portrait-nb-encadre-380x567.jpg 380w, https:\/\/benjaminwinter.fr\/wp-content\/uploads\/2024\/11\/portrait-nb-encadre-420x626.jpg 420w, https:\/\/benjaminwinter.fr\/wp-content\/uploads\/2024\/11\/portrait-nb-encadre-800x1193.jpg 800w, https:\/\/benjaminwinter.fr\/wp-content\/uploads\/2024\/11\/portrait-nb-encadre.jpg 1347w\" sizes=\"auto, (max-width: 687px) 100vw, 687px\" \/><\/figure>\n<\/div>\n\n\n<p><\/p>\n\n\n\n<p>Je suis Benjamin Winter, dessinateur fran\u00e7ais et bas\u00e9 en Alsace depuis toujours.<br>Je dessine et je peins depuis plus d&rsquo;une vingtaine d&rsquo;ann\u00e9es sur des th\u00e8mes aussi vari\u00e9s que la nature, l&rsquo;enfance, le voyage, le portrait ou encore le fantastique.<\/p>\n\n\n\n<p>D\u00e9sormais professionnel, ma d\u00e9marche artistique est grandement influenc\u00e9e par la culture japonaise, et ce depuis longtemps. Par le manga en particulier, mais aussi par la bande dessin\u00e9e, le cin\u00e9ma, la litt\u00e9rature, les dessins anim\u00e9s, les jeux vid\u00e9os, les s\u00e9ries, les cr\u00e9ateurs de contenus sur internet \u2026 En bref une quantit\u00e9 non n\u00e9gligeable de ce qui a berc\u00e9 mon enfance, mon adolescence et qui continue \u00e0 me suivre encore aujourd&rsquo;hui.<\/p>\n\n\n\n<p>Cette culture geek au sens large est celle qui m&rsquo;anime, qui m&rsquo;inspire, et me permet de cr\u00e9er de nombreux projets autour de la Pop culture.<\/p>\n\n\n\n<p>Le soutien qui m&rsquo;a \u00e9t\u00e9 apport\u00e9 par mes proches et par toutes les personnes crois\u00e9es depuis mes d\u00e9buts (et vous faites peut \u00eatre partie de ceux-l\u00e0, si vous lisez ceci aujourd&rsquo;hui) a su me donner continuellement une furieuse envie de poursuivre mes efforts et de vous offrir des \u0153uvres toujours plus abouties. J&rsquo;ai toujours estim\u00e9 que c&rsquo;\u00e9tait une chance d&rsquo;avoir l&rsquo;inspiration n\u00e9cessaire \u00e0 une vie artistique active, et je me sens reconnaissant envers tous les regards bienveillants port\u00e9s sur mon modeste travail. Je me dis souvent \u00a0\u00bbC&rsquo;est fait par un fan, pour les fans.\u00a0\u00bb<\/p>\n\n\n\n<p>Et c&rsquo;est dans un esprit de reconnaissance et de partage que ce site voit d\u00e9sormais le jour. Il n&rsquo;existerait pas sans vous. D&rsquo;ores et d\u00e9j\u00e0 : merci.<\/p>\n\n\n\n<p>Je suis fier et honor\u00e9 de pouvoir vous pr\u00e9senter ici le fruit de mon travail : c&rsquo;est le r\u00e9sultat d&rsquo;innombrables heures pass\u00e9es \u00e0 imaginer, \u00e0 r\u00e9-inventer et \u00e0 dessiner toutes ces choses qui me passionnent.<\/p>\n\n\n\n<p>Je vous souhaite une excellente visite, et esp\u00e8re que mes cr\u00e9ations sauront vous transporter et vous faire voyager dans les univers que vous aimez tant, et bien d&rsquo;autres.<\/p>\n","protected":false},"excerpt":{"rendered":"<p>Je suis Benjamin Winter, dessinateur fran\u00e7ais et bas\u00e9 en Alsace depuis toujours.Je dessine et je peins depuis plus d&rsquo;une vingtaine d&rsquo;ann\u00e9es sur des th\u00e8mes aussi vari\u00e9s que la nature, l&rsquo;enfance, [&hellip;]<\/p>\n","protected":false},"author":1,"featured_media":0,"parent":0,"menu_order":0,"comment_status":"closed","ping_status":"closed","template":"","meta":{"footnotes":""},"class_list":["post-553","page","type-page","status-publish","hentry"],"jetpack_sharing_enabled":true,"_links":{"self":[{"href":"https:\/\/benjaminwinter.fr\/index.php\/wp-json\/wp\/v2\/pages\/553","targetHints":{"allow":["GET"]}}],"collection":[{"href":"https:\/\/benjaminwinter.fr\/index.php\/wp-json\/wp\/v2\/pages"}],"about":[{"href":"https:\/\/benjaminwinter.fr\/index.php\/wp-json\/wp\/v2\/types\/page"}],"author":[{"embeddable":true,"href":"https:\/\/benjaminwinter.fr\/index.php\/wp-json\/wp\/v2\/users\/1"}],"replies":[{"embeddable":true,"href":"https:\/\/benjaminwinter.fr\/index.php\/wp-json\/wp\/v2\/comments?post=553"}],"version-history":[{"count":20,"href":"https:\/\/benjaminwinter.fr\/index.php\/wp-json\/wp\/v2\/pages\/553\/revisions"}],"predecessor-version":[{"id":594,"href":"https:\/\/benjaminwinter.fr\/index.php\/wp-json\/wp\/v2\/pages\/553\/revisions\/594"}],"wp:attachment":[{"href":"https:\/\/benjaminwinter.fr\/index.php\/wp-json\/wp\/v2\/media?parent=553"}],"curies":[{"name":"wp","href":"https:\/\/api.w.org\/{rel}","templated":true}]}}